{"id":49,"date":"2025-11-23T12:06:12","date_gmt":"2025-11-23T12:06:12","guid":{"rendered":"https:\/\/eddiwan.com\/index.php\/home\/"},"modified":"2025-12-04T13:15:05","modified_gmt":"2025-12-04T12:15:05","slug":"home","status":"publish","type":"page","link":"https:\/\/eddiwan.com\/","title":{"rendered":"Home"},"content":{"rendered":"\n<div class=\"wp-block-group panel bg-white rounded-2xl shadow-xl p-10 mb-8\"><div class=\"wp-block-group__inner-container is-layout-flow wp-block-group-is-layout-flow\">\n<div class=\"wp-block-columns is-layout-flex wp-container-core-columns-is-layout-9d6595d7 wp-block-columns-is-layout-flex\">\n<div class=\"wp-block-column is-layout-flow wp-block-column-is-layout-flow\" style=\"flex-basis:58.333333333333%\">\n<h1 class=\"wp-block-heading text-3xl md:text-5xl font-extrabold leading-tight text-ediwan-primary mb-4\">La performance au c\u0153ur de l&rsquo;expertise <\/h1>\n\n\n\n<p class=\"text-lg text-gray-700 mb-6 readable\">Depuis 1989, EdDiwan conjugue geste artisanal et capacit\u00e9 industrielle pour offrir des productions imprim\u00e9es fid\u00e8les aux intentions graphiques&nbsp;: publications, packaging, pr\u00e9presse et finitions haut de gamme.<\/p>\n<\/div>\n\n\n\n<div class=\"wp-block-column is-layout-flow wp-block-column-is-layout-flow\" style=\"flex-basis:41.666666666667%\">\n<div class=\"wp-block-columns is-layout-flex wp-container-core-columns-is-layout-9d6595d7 wp-block-columns-is-layout-flex\">\n<div class=\"wp-block-column is-layout-flow wp-block-column-is-layout-flow\">\n<figure class=\"wp-block-image size-large\"><img loading=\"lazy\" decoding=\"async\" width=\"1024\" height=\"690\" src=\"https:\/\/eddiwan.com\/wp-content\/uploads\/2025\/11\/amine-it-image195-296-1024x690.jpg\" alt=\"\" class=\"wp-image-77\" srcset=\"https:\/\/eddiwan.com\/wp-content\/uploads\/2025\/11\/amine-it-image195-296-1024x690.jpg 1024w, https:\/\/eddiwan.com\/wp-content\/uploads\/2025\/11\/amine-it-image195-296-300x202.jpg 300w, https:\/\/eddiwan.com\/wp-content\/uploads\/2025\/11\/amine-it-image195-296-768x517.jpg 768w, https:\/\/eddiwan.com\/wp-content\/uploads\/2025\/11\/amine-it-image195-296-1536x1035.jpg 1536w, https:\/\/eddiwan.com\/wp-content\/uploads\/2025\/11\/amine-it-image195-296-2048x1380.jpg 2048w\" sizes=\"auto, (max-width: 1024px) 100vw, 1024px\" \/><\/figure>\n<\/div>\n<\/div>\n<\/div>\n<\/div>\n<\/div><\/div>\n\n\n\n<div class=\"wp-block-group panel bg-white rounded-2xl shadow-xl p-10 mb-8\"><div class=\"wp-block-group__inner-container is-layout-flow wp-block-group-is-layout-flow\">\n<div class=\"wp-block-columns is-layout-flex wp-container-core-columns-is-layout-9d6595d7 wp-block-columns-is-layout-flex\">\n<div class=\"wp-block-column is-layout-flow wp-block-column-is-layout-flow\">\n<p class=\"inline-block px-3 py-1 rounded-full bg-ediwan-soft text-ediwan-primary font-semibold mb-4\">\u00c0 propos<\/p>\n\n\n\n<h2 class=\"wp-block-heading text-2xl md:text-3xl font-bold text-ediwan-primary mb-4\">L&rsquo;\u0153uvre d&rsquo;un passionn\u00e9<\/h2>\n\n\n\n<p>Chaque ouvrage issu des ateliers d&rsquo;Ed\u2011Diwan refl\u00e8te une passion authentique pour la beaut\u00e9 du geste, la justesse des couleurs et la pr\u00e9cision du d\u00e9tail. H\u00e9riti\u00e8re d&rsquo;un savoir\u2011faire artisanal enrichi par l&rsquo;exp\u00e9rience industrielle, l&rsquo;imprimerie porte une vision exigeante&nbsp;: celle d&rsquo;un artisan industriel o\u00f9 la cr\u00e9ation rencontre la rigueur technique.<\/p>\n\n\n\n<p class=\"text-gray-700 readable\">Tout est trait\u00e9 avec un grand soin&nbsp;: densit\u00e9 de l&rsquo;encre, grain du papier, lumi\u00e8re d&rsquo;une teinte ou finesse d&rsquo;une trame composent un \u00e9quilibre subtil entre fid\u00e9lit\u00e9, esth\u00e9tique et \u00e9motion visuelle. Ed\u2011Diwan interpr\u00e8te et magnifie chaque \u0153uvre, lui offrant sa pleine puissance expressive.<\/p>\n\n\n\n<figure class=\"wp-block-image size-full\"><img loading=\"lazy\" decoding=\"async\" width=\"2149\" height=\"1403\" src=\"https:\/\/eddiwan.com\/wp-content\/uploads\/2025\/11\/Fichier-3.jpg\" alt=\"\" class=\"wp-image-56\" srcset=\"https:\/\/eddiwan.com\/wp-content\/uploads\/2025\/11\/Fichier-3.jpg 2149w, https:\/\/eddiwan.com\/wp-content\/uploads\/2025\/11\/Fichier-3-300x196.jpg 300w, https:\/\/eddiwan.com\/wp-content\/uploads\/2025\/11\/Fichier-3-1024x669.jpg 1024w, https:\/\/eddiwan.com\/wp-content\/uploads\/2025\/11\/Fichier-3-768x501.jpg 768w, https:\/\/eddiwan.com\/wp-content\/uploads\/2025\/11\/Fichier-3-1536x1003.jpg 1536w, https:\/\/eddiwan.com\/wp-content\/uploads\/2025\/11\/Fichier-3-2048x1337.jpg 2048w\" sizes=\"auto, (max-width: 2149px) 100vw, 2149px\" \/><\/figure>\n<\/div>\n\n\n\n<div class=\"wp-block-column is-layout-flow wp-block-column-is-layout-flow\">\n<div class=\"wp-block-columns is-layout-flex wp-container-core-columns-is-layout-9d6595d7 wp-block-columns-is-layout-flex\">\n<div class=\"wp-block-column is-layout-flow wp-block-column-is-layout-flow\" style=\"flex-basis:100%\">\n<figure class=\"wp-block-image size-full\"><img loading=\"lazy\" decoding=\"async\" width=\"614\" height=\"391\" src=\"https:\/\/eddiwan.com\/wp-content\/uploads\/2025\/11\/3Fichier-1-1.jpg\" alt=\"\" class=\"wp-image-81\" srcset=\"https:\/\/eddiwan.com\/wp-content\/uploads\/2025\/11\/3Fichier-1-1.jpg 614w, https:\/\/eddiwan.com\/wp-content\/uploads\/2025\/11\/3Fichier-1-1-300x191.jpg 300w\" sizes=\"auto, (max-width: 614px) 100vw, 614px\" \/><\/figure>\n\n\n\n<p><br><br><br>Port\u00e9e par la vision de M. Hamou Djama\u00ef, fondateur et inspirateur d\u2019Ed-Diwan, amoureux du livre et de l\u2019image, l\u2019imprimerie s\u2019est impos\u00e9e comme une r\u00e9f\u00e9rence<br>majeure dans le paysage de l\u2019impression et de l\u2019\u00e9dition en Alg\u00e9rie. Sous son impulsion, l\u2019alliance du geste traditionnel et des technologies contemporaines a forg\u00e9 une identit\u00e9 singuli\u00e8re, fa\u00e7onn\u00e9e par la qualit\u00e9, l\u2019exigence et un engagement constant envers l\u2019excellence du m\u00e9tier.<\/p>\n<\/div>\n<\/div>\n<\/div>\n<\/div>\n<\/div><\/div>\n\n\n\n<div class=\"wp-block-group panel bg-white rounded-2xl shadow-xl p-10 mb-8\"><div class=\"wp-block-group__inner-container is-layout-flow wp-block-group-is-layout-flow\">\n<div class=\"wp-block-group text-center mb-8\"><div class=\"wp-block-group__inner-container is-layout-flow wp-block-group-is-layout-flow\">\n<p class=\"inline-block px-3 py-1 rounded-full bg-ediwan-soft text-ediwan-primary font-semibold\">Expertise technique<\/p>\n\n\n\n<h2 class=\"wp-block-heading text-2xl md:text-3xl font-bold text-ediwan-primary mt-4\">Nos p\u00f4les d&rsquo;activit\u00e9 compl\u00e9mentaires<\/h2>\n<\/div><\/div>\n\n\n\n<div class=\"wp-block-columns is-layout-flex wp-container-core-columns-is-layout-9d6595d7 wp-block-columns-is-layout-flex\">\n<div class=\"wp-block-column is-layout-flow wp-block-column-is-layout-flow\">\n<div class=\"wp-block-group rounded-xl border bg-gray-50 p-6 shadow-sm\"><div class=\"wp-block-group__inner-container is-layout-flow wp-block-group-is-layout-flow\">\n<div class=\"wp-block-columns is-layout-flex wp-container-core-columns-is-layout-9d6595d7 wp-block-columns-is-layout-flex\">\n<div class=\"wp-block-column is-layout-flow wp-block-column-is-layout-flow\" style=\"flex-basis:100%\">\n<div class=\"wp-block-columns is-layout-flex wp-container-core-columns-is-layout-9d6595d7 wp-block-columns-is-layout-flex\">\n<div class=\"wp-block-column is-layout-flow wp-block-column-is-layout-flow\" style=\"flex-basis:100%\">\n<figure class=\"wp-block-image size-large\"><img loading=\"lazy\" decoding=\"async\" width=\"1024\" height=\"562\" src=\"https:\/\/eddiwan.com\/wp-content\/uploads\/2025\/11\/1Fichier-1-1024x562.jpg\" alt=\"\" class=\"wp-image-69\" srcset=\"https:\/\/eddiwan.com\/wp-content\/uploads\/2025\/11\/1Fichier-1-1024x562.jpg 1024w, https:\/\/eddiwan.com\/wp-content\/uploads\/2025\/11\/1Fichier-1-300x165.jpg 300w, https:\/\/eddiwan.com\/wp-content\/uploads\/2025\/11\/1Fichier-1-768x421.jpg 768w, https:\/\/eddiwan.com\/wp-content\/uploads\/2025\/11\/1Fichier-1-1536x843.jpg 1536w, https:\/\/eddiwan.com\/wp-content\/uploads\/2025\/11\/1Fichier-1-2048x1124.jpg 2048w\" sizes=\"auto, (max-width: 1024px) 100vw, 1024px\" \/><\/figure>\n<\/div>\n<\/div>\n<\/div>\n<\/div>\n\n\n\n<h3 class=\"wp-block-heading font-semibold text-ediwan-primary mb-2\">Publication &amp; Print<\/h3>\n\n\n\n<p class=\"text-sm text-gray-600\">De l&rsquo;imprim\u00e9 publicitaire aux ouvrages culturels, Ed\u2011Diwan ma\u00eetrise l&rsquo;ensemble du processus \u00e9ditorial&nbsp;: pr\u00e9paration, pr\u00e9presse, calibration colorim\u00e9trique et rendu fid\u00e8le.<\/p>\n<\/div><\/div>\n<\/div>\n\n\n\n<div class=\"wp-block-column is-layout-flow wp-block-column-is-layout-flow\">\n<div class=\"wp-block-group rounded-xl border bg-gray-50 p-6 shadow-sm\"><div class=\"wp-block-group__inner-container is-layout-flow wp-block-group-is-layout-flow\">\n<div class=\"wp-block-columns is-layout-flex wp-container-core-columns-is-layout-9d6595d7 wp-block-columns-is-layout-flex\">\n<div class=\"wp-block-column is-layout-flow wp-block-column-is-layout-flow\" style=\"flex-basis:100%\">\n<figure class=\"wp-block-image size-large\"><img loading=\"lazy\" decoding=\"async\" width=\"1024\" height=\"631\" src=\"https:\/\/eddiwan.com\/wp-content\/uploads\/2025\/11\/1Fichier-2-1024x631.jpg\" alt=\"\" class=\"wp-image-70\" srcset=\"https:\/\/eddiwan.com\/wp-content\/uploads\/2025\/11\/1Fichier-2-1024x631.jpg 1024w, https:\/\/eddiwan.com\/wp-content\/uploads\/2025\/11\/1Fichier-2-300x185.jpg 300w, https:\/\/eddiwan.com\/wp-content\/uploads\/2025\/11\/1Fichier-2-768x473.jpg 768w, https:\/\/eddiwan.com\/wp-content\/uploads\/2025\/11\/1Fichier-2-1536x946.jpg 1536w, https:\/\/eddiwan.com\/wp-content\/uploads\/2025\/11\/1Fichier-2-2048x1261.jpg 2048w\" sizes=\"auto, (max-width: 1024px) 100vw, 1024px\" \/><\/figure>\n<\/div>\n<\/div>\n\n\n\n<h3 class=\"wp-block-heading font-semibold text-ediwan-primary mb-2\">Packaging<\/h3>\n\n\n\n<p class=\"text-sm text-gray-600\">Bo\u00eetes pliantes, coffrets premium, pr\u00e9sentoirs et finitions (pelliculage, vernis, dorure) pour un emballage performant et distinctif.<\/p>\n<\/div><\/div>\n<\/div>\n<\/div>\n<\/div><\/div>\n\n\n\n<div class=\"wp-block-group panel bg-white rounded-2xl shadow-xl p-10 mb-8\"><div class=\"wp-block-group__inner-container is-layout-flow wp-block-group-is-layout-flow\">\n<div class=\"wp-block-columns is-layout-flex wp-container-core-columns-is-layout-9d6595d7 wp-block-columns-is-layout-flex\">\n<div class=\"wp-block-column is-layout-flow wp-block-column-is-layout-flow\">\n<p class=\"inline-block px-3 py-1 rounded-full bg-ediwan-soft text-ediwan-primary font-semibold mb-3\">Capital humain<\/p>\n\n\n\n<h3 class=\"wp-block-heading text-2xl font-bold text-ediwan-primary mb-4\">Capital humain et valeurs partag\u00e9es<\/h3>\n\n\n\n<p class=\"text-gray-700 readable\">Les collaborateurs d&rsquo;Ed\u2011Diwan constituent la v\u00e9ritable pierre angulaire de l&rsquo;entreprise. Esprit d&rsquo;\u00e9quipe, solidarit\u00e9, respect mutuel et go\u00fbt du travail bien fait forment le socle d&rsquo;une dynamique commune.<\/p>\n\n\n\n<p class=\"text-gray-700 readable\">La transmission des savoirs, la formation continue et l&rsquo;accompagnement des parcours professionnels permettent \u00e0 chacun de progresser et de valoriser ses comp\u00e9tences.<\/p>\n<\/div>\n\n\n\n<div class=\"wp-block-column is-layout-flow wp-block-column-is-layout-flow\">\n<div class=\"wp-block-columns is-layout-flex wp-container-core-columns-is-layout-9d6595d7 wp-block-columns-is-layout-flex\">\n<div class=\"wp-block-column is-layout-flow wp-block-column-is-layout-flow\" style=\"flex-basis:100%\">\n<figure class=\"wp-block-image size-large\"><img loading=\"lazy\" decoding=\"async\" width=\"1024\" height=\"673\" src=\"https:\/\/eddiwan.com\/wp-content\/uploads\/2025\/11\/2Fichier-1-1024x673.jpg\" alt=\"\" class=\"wp-image-72\" srcset=\"https:\/\/eddiwan.com\/wp-content\/uploads\/2025\/11\/2Fichier-1-1024x673.jpg 1024w, https:\/\/eddiwan.com\/wp-content\/uploads\/2025\/11\/2Fichier-1-300x197.jpg 300w, https:\/\/eddiwan.com\/wp-content\/uploads\/2025\/11\/2Fichier-1-768x505.jpg 768w, https:\/\/eddiwan.com\/wp-content\/uploads\/2025\/11\/2Fichier-1-1536x1010.jpg 1536w, https:\/\/eddiwan.com\/wp-content\/uploads\/2025\/11\/2Fichier-1-2048x1346.jpg 2048w\" sizes=\"auto, (max-width: 1024px) 100vw, 1024px\" \/><\/figure>\n<\/div>\n<\/div>\n<\/div>\n<\/div>\n<\/div><\/div>\n\n\n\n<div class=\"wp-block-group panel bg-white rounded-2xl shadow-xl p-10 mb-8\"><div class=\"wp-block-group__inner-container is-layout-flow wp-block-group-is-layout-flow\">\n<div class=\"wp-block-columns is-layout-flex wp-container-core-columns-is-layout-9d6595d7 wp-block-columns-is-layout-flex\">\n<div class=\"wp-block-column is-layout-flow wp-block-column-is-layout-flow\">\n<div class=\"wp-block-columns is-layout-flex wp-container-core-columns-is-layout-9d6595d7 wp-block-columns-is-layout-flex\">\n<div class=\"wp-block-column is-layout-flow wp-block-column-is-layout-flow\" style=\"flex-basis:100%\">\n<figure class=\"wp-block-image size-large\"><img loading=\"lazy\" decoding=\"async\" width=\"1024\" height=\"723\" src=\"https:\/\/eddiwan.com\/wp-content\/uploads\/2025\/11\/2Fichier-2-1024x723.jpg\" alt=\"\" class=\"wp-image-73\" srcset=\"https:\/\/eddiwan.com\/wp-content\/uploads\/2025\/11\/2Fichier-2-1024x723.jpg 1024w, https:\/\/eddiwan.com\/wp-content\/uploads\/2025\/11\/2Fichier-2-300x212.jpg 300w, https:\/\/eddiwan.com\/wp-content\/uploads\/2025\/11\/2Fichier-2-768x543.jpg 768w, https:\/\/eddiwan.com\/wp-content\/uploads\/2025\/11\/2Fichier-2-1536x1085.jpg 1536w, https:\/\/eddiwan.com\/wp-content\/uploads\/2025\/11\/2Fichier-2.jpg 1986w\" sizes=\"auto, (max-width: 1024px) 100vw, 1024px\" \/><\/figure>\n<\/div>\n<\/div>\n<\/div>\n\n\n\n<div class=\"wp-block-column is-layout-flow wp-block-column-is-layout-flow\">\n<p class=\"inline-block px-3 py-1 rounded-full bg-ediwan-soft text-ediwan-primary font-semibold mb-3\">Responsabilit\u00e9<\/p>\n\n\n\n<h3 class=\"wp-block-heading text-2xl font-bold text-ediwan-primary mb-4\">Responsabilit\u00e9 environnementale<\/h3>\n\n\n\n<p class=\"text-gray-700 readable\">Engag\u00e9e dans une d\u00e9marche durable, Ed\u2011Diwan veille \u00e0 r\u00e9duire l&rsquo;impact environnemental de ses activit\u00e9s&nbsp;: choix de papiers certifi\u00e9s, encres \u00e0 faible impact, gestion rigoureuse des d\u00e9chets et ma\u00eetrise des consommations \u00e9nerg\u00e9tiques.<\/p>\n\n\n\n<p class=\"text-gray-700 readable\">Chaque d\u00e9cision de production est pens\u00e9e en fonction de son empreinte \u00e9cologique afin de pr\u00e9server les ressources et limiter les \u00e9missions associ\u00e9es.<\/p>\n<\/div>\n<\/div>\n<\/div><\/div>\n\n\n\n<div class=\"wp-block-group panel bg-white rounded-2xl shadow-xl p-10 mb-8\"><div class=\"wp-block-group__inner-container is-layout-flow wp-block-group-is-layout-flow\">\n<div class=\"wp-block-columns is-layout-flex wp-container-core-columns-is-layout-9d6595d7 wp-block-columns-is-layout-flex\">\n<div class=\"wp-block-column is-layout-flow wp-block-column-is-layout-flow\">\n<h3 class=\"wp-block-heading text-2xl font-bold text-ediwan-primary mb-4\">Contactez-nous<\/h3>\n\n\n\n<p class=\"text-gray-700 mb-4\">Pour un devis, une question technique ou une demande de BAT, contactez notre \u00e9quipe commerciale.<\/p>\n\n\n\n<ul class=\"wp-block-list text-sm space-y-3 text-gray-700\">\n<li><strong>Adresse :<\/strong> Houche sbaat N\u00b0 315, Zone Industrielle, Rouiba, Alger, ALGERIE<\/li>\n\n\n\n<li><strong>T\u00e9l :<\/strong> +213 (661) 533-714 <br>\u2022 +213 (661) 141-465 <br>\u2022 +213 (23) 850-516\/517<\/li>\n\n\n\n<li><strong>Email :<\/strong> info@eddiwan.com<\/li>\n\n\n\n<li><strong>Site :<\/strong> <a class=\"text-ediwan-primary underline\" href=\"https:\/\/www.eddiwan.com\">www.eddiwan.com<\/a><\/li>\n<\/ul>\n<\/div>\n\n\n\n<div class=\"wp-block-column is-layout-flow wp-block-column-is-layout-flow\">\n<h3 class=\"wp-block-heading text-2xl font-bold text-ediwan-primary mb-4\">Demander un devis<\/h3>\n\n\n\n<div class=\"wp-block-columns is-layout-flex wp-container-core-columns-is-layout-9d6595d7 wp-block-columns-is-layout-flex\">\n<div class=\"wp-block-column is-layout-flow wp-block-column-is-layout-flow\" style=\"flex-basis:100%\">\n<div class=\"forminator-guttenberg\"><div class=\"forminator-ui forminator-custom-form forminator-custom-form-89 forminator-design--default forminator-enclosed forminator_ajax\" data-forminator-render=\"0\" data-form=\"forminator-module-89\" data-uid=\"69e28eb90d569\"><br\/><\/div><form\n\t\t\t\tid=\"forminator-module-89\"\n\t\t\t\tclass=\"forminator-ui forminator-custom-form forminator-custom-form-89 forminator-design--default forminator-enclosed forminator_ajax\"\n\t\t\t\tmethod=\"post\"\n\t\t\t\tdata-forminator-render=\"0\"\n\t\t\t\tdata-form-id=\"89\"\n\t\t\t\t data-color-option=\"theme\" data-design=\"default\" data-grid=\"enclosed\" style=\"display: none;\"\n\t\t\t\tdata-uid=\"69e28eb90d569\"\n\t\t\t><div role=\"alert\" aria-live=\"polite\" class=\"forminator-response-message forminator-error\" aria-hidden=\"true\"><\/div><div class=\"forminator-row\"><div id=\"name-1\" class=\"forminator-field-name forminator-col forminator-col-12 \"><div class=\"forminator-row forminator-no-margin\" data-multiple=\"true\"><div class=\"forminator-col forminator-col-md-6\"><div class=\"forminator-field\"><label for=\"forminator-field-first-name-1_69e28eb90d569\" id=\"forminator-field-first-name-1_69e28eb90d569-label\" class=\"forminator-label\">Nom <span class=\"forminator-required\">*<\/span><\/label><input type=\"text\" name=\"name-1-first-name\" placeholder=\"Personne\/Entreprise\" id=\"forminator-field-first-name-1_69e28eb90d569\" class=\"forminator-input\" aria-required=\"true\" data-multi=\"1\" autocomplete=\"given-name\" value=\"\" \/><\/div><\/div><\/div><\/div><\/div><div class=\"forminator-row\"><div id=\"email-1\" class=\"forminator-field-email forminator-col forminator-col-6 \"><div class=\"forminator-field\"><label for=\"forminator-field-email-1_69e28eb90d569\" id=\"forminator-field-email-1_69e28eb90d569-label\" class=\"forminator-label\">Adresse de messagerie <span class=\"forminator-required\">*<\/span><\/label><input type=\"email\" name=\"email-1\" value=\"\" placeholder=\"\" id=\"forminator-field-email-1_69e28eb90d569\" class=\"forminator-input forminator-email--field\" data-required=\"true\" aria-required=\"true\" autocomplete=\"email\" \/><\/div><\/div><div id=\"phone-1\" class=\"forminator-field-phone forminator-col forminator-col-6 \"><div class=\"forminator-field\"><label for=\"forminator-field-phone-1_69e28eb90d569\" id=\"forminator-field-phone-1_69e28eb90d569-label\" class=\"forminator-label\">Num\u00e9ro de t\u00e9l\u00e9phone <span class=\"forminator-required\">*<\/span><\/label><input type=\"text\" name=\"phone-1\" value=\"\" placeholder=\"\" id=\"forminator-field-phone-1_69e28eb90d569\" class=\"forminator-input forminator-field--phone\" data-required=\"1\" aria-required=\"true\" autocomplete=\"off\" data-validation=\"1\" \/><\/div><\/div><\/div><div class=\"forminator-row\"><div id=\"textarea-2\" class=\"forminator-field-textarea forminator-col forminator-col-12 \"><div class=\"forminator-field\"><label for=\"forminator-field-textarea-2_69e28eb90d569\" id=\"forminator-field-textarea-2_69e28eb90d569-label\" class=\"forminator-label\">D\u00e9tails du projet <span class=\"forminator-required\">*<\/span><\/label><textarea name=\"textarea-2\" placeholder=\"Volume, dimensions, d\u00e9lai...\" id=\"forminator-field-textarea-2_69e28eb90d569\" class=\"forminator-textarea\" rows=\"6\" style=\"min-height:140px;\" ><\/textarea><\/div><\/div><\/div><input type=\"hidden\" name=\"referer_url\" value=\"\" \/><div class=\"forminator-row forminator-row-last\"><div class=\"forminator-col\"><div class=\"forminator-field\"><button class=\"forminator-button forminator-button-submit inline-flex items-center gap-2 py-2 px-4 bg-ediwan-accent rounded-xl shadow text-ediwan-primary font-semibold\">Soumettre la demande.<\/button><\/div><\/div><\/div><input type=\"hidden\" id=\"forminator_nonce\" name=\"forminator_nonce\" value=\"c308cbb084\" \/><input type=\"hidden\" name=\"_wp_http_referer\" value=\"\/index.php\/wp-json\/wp\/v2\/pages\/49\" \/><input type=\"hidden\" name=\"form_id\" value=\"89\"><input type=\"hidden\" name=\"page_id\" value=\"49\"><input type=\"hidden\" name=\"form_type\" value=\"default\"><input type=\"hidden\" name=\"current_url\" value=\"https:\/\/eddiwan.com\/\"><input type=\"hidden\" name=\"render_id\" value=\"0\"><input type=\"hidden\" name=\"action\" value=\"forminator_submit_form_custom-forms\"><\/form><\/div>\n<\/div>\n<\/div>\n<\/div>\n<\/div>\n<\/div><\/div>\n","protected":false},"excerpt":{"rendered":"<p>La performance au c\u0153ur de l&rsquo;expertise Depuis 1989, EdDiwan conjugue geste artisanal et capacit\u00e9 industrielle pour offrir des productions imprim\u00e9es fid\u00e8les aux intentions graphiques&nbsp;: publications, packaging, pr\u00e9presse et finitions haut de gamme. \u00c0 propos L&rsquo;\u0153uvre d&rsquo;un passionn\u00e9 Chaque ouvrage issu des ateliers d&rsquo;Ed\u2011Diwan refl\u00e8te une passion authentique pour la beaut\u00e9 du geste, la justesse des [&hellip;]<\/p>\n","protected":false},"author":1,"featured_media":0,"parent":0,"menu_order":0,"comment_status":"closed","ping_status":"closed","template":"","meta":{"footnotes":""},"class_list":["post-49","page","type-page","status-publish","hentry"],"_links":{"self":[{"href":"https:\/\/eddiwan.com\/index.php\/wp-json\/wp\/v2\/pages\/49","targetHints":{"allow":["GET"]}}],"collection":[{"href":"https:\/\/eddiwan.com\/index.php\/wp-json\/wp\/v2\/pages"}],"about":[{"href":"https:\/\/eddiwan.com\/index.php\/wp-json\/wp\/v2\/types\/page"}],"author":[{"embeddable":true,"href":"https:\/\/eddiwan.com\/index.php\/wp-json\/wp\/v2\/users\/1"}],"replies":[{"embeddable":true,"href":"https:\/\/eddiwan.com\/index.php\/wp-json\/wp\/v2\/comments?post=49"}],"version-history":[{"count":20,"href":"https:\/\/eddiwan.com\/index.php\/wp-json\/wp\/v2\/pages\/49\/revisions"}],"predecessor-version":[{"id":114,"href":"https:\/\/eddiwan.com\/index.php\/wp-json\/wp\/v2\/pages\/49\/revisions\/114"}],"wp:attachment":[{"href":"https:\/\/eddiwan.com\/index.php\/wp-json\/wp\/v2\/media?parent=49"}],"curies":[{"name":"wp","href":"https:\/\/api.w.org\/{rel}","templated":true}]}}